- 174. Calculate the greatest common factor of 11 and l.
11
Let k(d) = -1 - 7*d + 2 + 1 + 0. Let n be k(-2). What is the greatest common factor of n and 96?
16
Let v(o) = -18*o - 9. Let j be v(-6). Suppose -3*t + j = 3*n, 42 = t - 4*n + 2*n. Suppose -4*s = -t - 8. Calculate the greatest common factor of 99 and s.
11
Suppose 3*s = 2 + 1. Suppose j - s = 21. Calculate the greatest common factor of j and 55.
11
Suppose 4*q + 19 = q - 5*p, 2*p - 2 = 0. Let t = 2 - q. Suppose -6*o - 3*a = -o - 47, 0 = -4*o - a + 39. Calculate the greatest common factor of t and o.
10
Let d = -7 + 9. What is the highest common factor of d and 1?
1
Let r(o) = 28*o + 237. Let f be r(-8). Let k be (-392)/(-6) - 2/6. Calculate the highest common factor of k and f.
13
Let o = -1 + 31. What is the highest common divisor of o and 15?
15
Let o be -57*(-1)/(-9)*-3. Calculate the greatest common factor of o and 95.
19
Suppose p = -3*p + 264. Suppose -4*t - 5*g + 130 = 0, -4*t - 2*g + 122 = -g. Suppose t = s + 4*s. What is the greatest common divisor of p and s?
6
Suppose 431 + 49 = 10*d. Calculate the greatest common factor of 16 and d.
16
Suppose 3*z - 66 = -0*z. Suppose -4*n + 5*f = 17, 3*n + 12 + 7 = 5*f. What is the highest common divisor of n and z?
2
Let v(r) = 38*r**3 - 3*r - 1. Let a be v(2). What is the greatest common factor of a and 33?
33
Let u(v) = -v**3 + v**2 + 3*v + 1. Let d be u(-2). Let a be (-996)/(-16) - (-6)/8. What is the highest common divisor of d and a?
7
Suppose -62*y = -63*y + 4. What is the greatest common factor of y and 10?
2
Let u(b) = 15*b**3. Let f be u(1). Let t = f - 5. What is the greatest common factor of 25 and t?
5
Suppose 2*f - 6 = 0, -5*r + 0*r + 5*f = -15. Let i(u) = 7*u**2 - 3*u - 1. Let l be i(5). Let b = l - 105. Calculate the highest common factor of r and b.
6
Suppose -5*h = -5*u + 120, -h - 69 = -4*u + 24. Calculate the greatest common divisor of 299 and u.
23
Suppose -4*m = c - 3, -c + 0*c + 5 = 5*m. Calculate the greatest common factor of m and 8.
2
Suppose q + 53 = j, -277 = -10*j + 5*j + q. What is the greatest common factor of 7 and j?
7
Suppose 7*m = 2*m - 5*s + 65, 4*m + s = 43. What is the highest common factor of 2 and m?
2
Let y(o) = -o**2 - 32*o - 223. Let w be y(-21). Let u = 17 - 9. Let s = 8 + u. What is the highest common factor of s and w?
8
Suppose -8*l - 311 = -1431. Calculate the highest common divisor of l and 40.
20
Let u = 21 + -12. Suppose 0 = -2*s + r + 4, -3*s - r = -2*s - 2. Suppose k - 1 = s. What is the highest common divisor of u and k?
3
Suppose 0*z - 2*z + 10 = 0, 2*z = -3*y + 55. Calculate the greatest common divisor of y and 30.
15
Suppose 0 = 3*x - 15 - 24. Suppose 0 = 5*z - 117 - 13. Calculate the highest common factor of x and z.
13
Suppose 2*y - 40 = 4*r, -71 = -4*y - r - 0*r. Calculate the greatest common divisor of 12 and y.
6
Suppose -3*j + 4 = -20. Let c = 5 + j. Suppose -2*d + 307 = 47. Calculate the greatest common divisor of d and c.
13
Suppose -y = -11*y + 450. What is the highest common divisor of 5 and y?
5
Suppose 0 = 3*k - 5*k + 40. Suppose k = 3*i + i. What is the greatest common divisor of i and 45?
5
Suppose -4*q = -22 - 58. Calculate the highest common divisor of 5 and q.
5
Suppose 0 = -i + 27 + 15. Let k be 2 + -4 + (-2)/1. Let p be (-25)/k - 1/4. What is the highest common divisor of i and p?
6
Suppose 2*q - c = -2*q + 7, 4*c - 4 = 0. Suppose -5*n - 5*b + 60 = -n, -5*n = 5*b - 80. Calculate the greatest common divisor of n and q.
2
Let v = 450 + -175. Suppose 3*r - v = -2*r. Suppose 4*u = -p - 0*u + 14, -104 = -5*p - 3*u. What is the greatest common factor of p and r?
11
Suppose -r = 2*u - 4, -3*r - 13 = -7*r - 5*u. Let j be 1*(52/r)/2. What is the highest common factor of j and 52?
13
Let v = 1 + 9. Let a = 43 + -23. What is the greatest common divisor of a and v?
10
Let s(z) = -2*z + 1 + z**2 + 3*z**3 - 2*z**2 + 2*z**2 + z. Let a be s(1). Calculate the greatest common factor of 20 and a.
4
Suppose -3*p - p = -80. Let g be (-2)/1 - (1 - 417)/8. Calculate the greatest common factor of p and g.
10
Let r = -52 - -114. Calculate the greatest common factor of 155 and r.
31
Let a(y) = -y**3 + 13*y**2 - y + 15. Let p be a(13). Let t = 0 + 1. Calculate the highest common divisor of t and p.
1
Let x = 30 - 9. What is the highest common factor of 21 and x?
21
Let i(a) = -3*a - 4. Let k(p) = 7*p + 9. Let n(y) = 9*i(y) + 4*k(y). Let x be n(7). Suppose -11 = 3*d - 32. Calculate the highest common factor of x and d.
7
Let i = -8 - -23. Let g(n) = n**2 - n. Suppose -2*u - 17 = -2*k - 7*u, k - 10 = -4*u. Let s be g(k). Calculate the highest common factor of i and s.
15
Let x be (-15)/(-10) + 9/6. What is the greatest common divisor of x and 3?
3
Let d = -12 + 5. Let r = d - -9. Suppose m - 14 = -r. What is the greatest common factor of m and 48?
12
Let x be (-140)/(-2) - (2 + 2 + -3). Calculate the greatest common divisor of x and 3.
3
Suppose -5*u + 0*u = 185. Suppose f = -4*f - 120. Let x = f - u. Calculate the greatest common factor of x and 13.
13
Let l be -2 + 3/(3/28). Suppose 0 = 40*g - g - 4056. Calculate the highest common factor of g and l.
26
Let c(r) = 18*r**2. Let a be c(-1). Let y be ((-144)/56)/((-2)/98). What is the greatest common divisor of y and a?
18
Let s = -24 - -8. Let q = 22 - s. Calculate the highest common divisor of q and 57.
19
Let j be 2/2*-1*0. Suppose 0*d - 4*d + 8 = j. Suppose 3*w = -d*b + b + 13, -3*b + 9 = -w. What is the greatest common divisor of 4 and b?
4
Let j be (-12)/(-28) + 459/7. Suppose -3*h + z + 92 = 0, -h - h + j = -3*z. What is the greatest common factor of h and 6?
6
Let y be 2*2/(-12)*-9. Suppose 0 = -0*o - 3*o + 4*n + 43, o + y*n = 36. What is the greatest common factor of 189 and o?
21
Suppose 0*l = -l + 3. Let m be -1*l - (-33 + 6). What is the highest common factor of 16 and m?
8
Let h(d) = d**2 - 5*d + 4. Let t be h(6). Let y be (33/(-3))/((-2)/t). Suppose x = -0 + 5. Calculate the greatest common divisor of y and x.
5
Let t = 42 - 24. Suppose 3*m - 5 - 2 = q, 0 = 5*q - 3*m - 1. Calculate the highest common divisor of t and q.
2
Let j = 48 + 16. What is the greatest common divisor of j and 160?
32
Suppose -4*k + 5*g = 3 - 4, 0 = -2*g + 6. Suppose 0 = k*o + 32 - 152. What is the highest common factor of 30 and o?
30
Let l(t) = -t - 3 + 8 + 2*t. Let y be l(-4). Let m = 1 + 0. What is the highest common factor of m and y?
1
Suppose 3*s - 64 = 44. Suppose -u - 1 = -4. Suppose 4*k = -w + 2 + 15, 5*k = u*w - 17. What is the greatest common divisor of w and s?
9
Suppose 0 = j + 3*j + 2*z - 2, z - 1 = 3*j. Suppose j = -2*m + 2*x + 15 + 7, 2*x + 4 = 0. Calculate the highest common factor of m and 63.
9
Let z(k) = -21*k**2 - 2*k + 3. Let h be z(2). Let a = -47 - h. Calculate the greatest common divisor of a and 95.
19
Let l = 5 - 2. Suppose -l*i - i = -96. What is the greatest common divisor of i and 12?
12
Suppose 16 = -5*n + 121. Suppose -4*g - 373 = -6*g - 5*z, -3*z - 948 = -5*g. Calculate the greatest common divisor of g and n.
21
Let l(a) = a + 29. Let g be l(11). Let n(m) = -15*m**3 + 2*m**2 + m. Let s be n(-1). Calculate the highest common factor of g and s.
8
Let g(d) be the second derivative of d**4/12 - 3*d**3/2 + 3*d**2 - 3*d. Let t be g(9). What is the greatest common factor of 2 and t?
2
Suppose 26*a = 22*a + 560. Calculate the greatest common factor of a and 35.
35
Let c be (6 + -3)/(3/50). Suppose 0 = 5*n + 30 - 80. Calculate the greatest common divisor of c and n.
10
Let x be (-1 - -1) + -1 + 67. Suppose -5*u = -3*h, -4 = -2*u + h - 3. Suppose 5 = -l, -17 = u*g + l - x. What is the greatest common factor of 27 and g?
9
Suppose 0 = 2*p - 1043 - 133. Suppose 2*g - 38 = -2*n + p, -4*n = g - 1264. Let c = n - 182. What is the greatest common factor of c and 15?
15
Suppose -5*z + z + 40 = 0. What is the greatest common factor of 90 and z?
10
Let n = -13 - -19. What is the greatest common divisor of n and 2?
2
Let a(o) = o**2 + 3*o + 4. Let r be a(-3). Let p be ((-11)/r + 2)*-20. Calculate the highest common factor of 165 and p.
15
Suppose -4*g + 4 = 0, -3*g + 83 = 3*h + h. Calculate the greatest common factor of h and 60.
20
Suppose 4*u - 64 = -0*u. Let g = 64 + u. What is the highest common factor of g and 16?
16
Suppose i - 5 =